 k(x) = -3*x + 10. Let p be k(6). Let s(a) = -a**3 - 5*a**2 - 4*a**2 + 15*a**2 + 9 - a - 14*a**2. Calculate s(p).
17
Let r(c) = -14*c - 16. Let v(o) = 5*o**3 - 2*o**2 + 144*o - 143. Let g be v(1). What is r(g)?
-72
Let b(v) = -v + 296. Let t(j) = -4*j + 601. Let w(i) = 9*b(i) - 4*t(i). Determine w(-39).
-13
Let n(s) = s**3 + 9*s**2 + s - 31. Suppose -179 = 150*g + 74 + 1097. Calculate n(g).
-40
Let i(g) = 9*g + 1. Let c be (1/3)/((-8)/(-72)). Suppose 0 = 4*l - 4, c*h - 5*l - 1 = -15. What is i(h)?
-26
Let l(q) = -q**2 - 4*q + 8. Let u = 23 + -44. Suppose 0 = -4*t - 3*o + 72, -3*o - 24 = -5*t + 39. Let f = t + u. Determine l(f).
-4
Let i be (-4898)/(-6636) - (-2 + (-18)/(-7) + 0). Let o(g) be the second derivative of 20*g + i*g**3 + 0 + 7/2*g**2. Determine o(-11).
-4
Suppose 0 = -2*v + 5*q + 31, 5*v + 48*q = 46*q + 34. Let c(l) = l**3 - 10*l**2 + 14*l + 2. Calculate c(v).
-14
Let p(y) = 54 + y**3 - 18*y**2 - y - 14 + 0*y + 2*y - 35. Give p(18).
23
Let y(h) = -120 - 26*h + 120 - 55 - 122 - 120. Calculate y(-11).
-11
Let j(t) = -t**3 + t - 4. Suppose 0 = 490*s - 486*s + 1580. Let g = s - -395. Determine j(g).
-4
Let h(k) be the third derivative of -8*k**6/15 - k**3/6 - k**2 + 243*k. Calculate h(1).
-65
Let u(m) = -m**2 + 10*m - 16. Let d be u(7). Let f(z) = -5*z**2 + 2. Let w(a) = -5*a + a**2 + 4*a + 3*a**2 - 1. Let k(i) = d*f(i) + 6*w(i). Give k(-6).
4
Let n(t) = -9*t**2 - 23 - 7 + 21*t - t**3 + 3 + 6. What is n(-11)?
-10
Let l(n) = 8*n + 1. Let b = -153 - -167. Suppose 306*t - 313*t + b = 0. What is l(t)?
17
Suppose 20 + 4 = 4*z. Suppose -z*a = -0*a - 24. Let g(s) = -s + 4. Give g(a).
0
Let q(v) be the third derivative of v**5/60 - v**4/3 - 3*v**3/2 - v**2. Let m(i) = -3*i - 20. Let r be m(-7). Let t be (17 + -16)/(r*-1)*-9. What is q(t)?
0
Let o(k) = 10*k - 1. Suppose 2*s - 5*a - 3 = 5, 0 = -4*a. Suppose z + 2*z - 2*l = -17, s*l = -4*z + 4. Let p be (4 - 5)/(1 + z/2). Determine o(p).
19
Let x = -235 + 231. Let j(k) = 6*k**2 - 4*k. Let g(a) = 5*a**2 - 5*a. Let y(m) = x*j(m) + 5*g(m). Give y(9).
0
Let y = -5160 + 5163. Let o(b) be the first derivative of -23 + b**2 - b + 7/3*b**y. Calculate o(1).
8
Let f(v) = -v**3 - 9*v**2 - 13*v - 36. Let o be f(-9). Suppose 2*b + 73 = o. Let q(w) = -w + 7*w + w - 5. Calculate q(b).
23
Let u = 187 - 127. Let a(w) = 26 + 2*w - u + 17. Give a(12).
7
Let o(n) be the second derivative of -2 + 1/12*n**4 + 19/2*n**2 + 3*n**3 + 195*n. Give o(-17).
2
Let z(a) = -8*a + 81. Let l be (-13)/(-6)*-4*12/(-32)*4. Determine z(l).
-23
Let v(c) = 9*c + 4423*c**3 + 8*c**2 + 273 - 4422*c**3 - 255. Calculate v(-8).
-54
Let q(k) = 16139*k + k**2 + 8 - 16150*k + 6. Give q(4).
-14
Let g(m) = -m + 48. Let s = 43436 - 43421. Calculate g(s).
33
Let c(m) = 3*m + 11. Let a be (1 - -1)*35/20*(-6)/7. Give c(a).
2
Let q = -67 - -23. Let v be 7/(-28)*6*q/6. Let j(c) = 3*c + 12. Let n(d) = -2*d - 13. Let u(x) = 3*j(x) + 4*n(x). Determine u(v).
-5
Let s(g) be the second derivative of -13*g**4/24 - g**3/6 - 6*g**2 - 10*g. Let u(o) be the first derivative of s(o). Suppose 51 - 2 = -49*j. Give u(j).
12
Let a(z) = 3*z**2 + z - 8. Let d = -1803 + 1808. Give a(d).
72
Let j(y) be the third derivative of y**6/120 + y**5/6 - 11*y**4/24 - 7*y**3/6 + 765*y**2. Determine j(-11).
-7
Let d(u) = 7599*u - 15208*u + 7599*u - 105. Give d(-10).
-5
Let x(k) = -17*k**3 + 204*k**2 + k - 11. Let m be x(12). Let j(t) = -16*t**2 - 6*t + 4. What is j(m)?
-18
Let s(g) = g**3 - 5*g**2 - 2*g. Let x be (60/18 - -1)*3. Suppose -i - 15 = -5*h, 15*i - x*i + 4*h = 26. Calculate s(i).
-10
Let r(d) be the third derivative of -17*d**4/3 - 403*d**3/6 - 9*d**2 + d - 5. Determine r(-3).
5
Suppose -13*r - 468 = 65*r. Let w(u) be the first derivative of u**2/2 + 5*u - 18. Determine w(r).
-1
Let n(o) = 29 + 151 - 45 - 8*o + 16. Determine n(18).
7
Let z(j) = -2*j**2 - 6*j - 3. Suppose 15*h - 4*h - 33 = 0. Suppose h*y - 8 = -14. Determine z(y).
1
Let f(j) be the second derivative of -j**5/5 + 4*j**4/3 + 7*j**3/6 - 5*j**2 - 2*j + 14142. Calculate f(4).
18
Suppose 5375*o - 646 = 5337*o. Let k(n) = -11*n + 187. Give k(o).
0
Let h(y) be the third derivative of 0*y + 1/120*y**5 + 0*y**3 + 1/180*y**6 - 1/2*y**4 + 14*y**2 + 0. Let b(w) be the second derivative of h(w). Calculate b(2).
9
Let x(b) = 18*b**2 + 9*b - 27. Let r(o) = 20*o**2 + 10*o - 32. Let p(j) = -6*r(j) + 7*x(j). What is p(-1)?
6
Suppose 3*l = -2*j + 6*l - 32, -13*l = j - 71. Let y(g) = -5*g - 24. Determine y(j).
11
Let x(v) = -v**2 + 4*v - 3. Let d(y) = -4*y**2 + 9*y - 1. Let q(u) = d(u) - 5*x(u). Suppose 4*h + 26 = -4*w + 86, 4*h - 45 = -w. Determine q(h).
4
Suppose 152*b - 156*b = -32. Suppose 5*g = 4*a + 593, -b*g + 3*g = 3*a - 579. Let r(l) = 5*l**2 - g + 110 - l**3 + 2*l + l. What is r(5)?
8
Suppose 10 = -67*f + 72*f. Let r(h) = -h**f + 211 - 141 - 78 + 8*h. What is r(6)?
4
Suppose -s - 2 = 0, -2*p - 4*s = -5*s. Let o(f) = -89742*f + 0 + 89751*f - 1. Determine o(p).
-10
Let l(x) = -x + 14. Let g = 1410 - 1400. Give l(g).
4
Suppose -12*j + 295 = 64*j - 9. Let h(r) = -41*r + 168. Calculate h(j).
4
Suppose 11*q = 77 - 22. Suppose q*c + 40 = -5*c. Let s(t) = t**2 + 2*t + 2. Give s(c).
10
Let t(h) = h**2 + 4*h - 2. Let y(w) = -17*w**3. Let l be y(-1). Suppose 0 = -4*x + 41 - l. Suppose x + 2 = 2*p - 4*k, 2*p = -k - 12. What is t(p)?
-2
Let b be 4/(-18) - 114/(-27). Suppose k + 29 = v + b*v, 4 = 4*k. Let g(l) = l**3 - 5*l**2 - 296 + 302 + 0*l**3 - v*l. Calculate g(6).
6
Suppose -14*v - 35 = -91. Suppose 2*k = -2*h - 18 - v, -3*k - h = 27. Let u(o) = o**2 + 8*o + 11. Give u(k).
11
Let z(a) = 24*a**2 - 23*a + 1. Let x be z(1). Let r(c) be the third derivative of 0*c**3 - 5*c**x + 0 + 0*c + 2/3*c**4. Calculate r(-1).
-16
Let v(z) = 25*z + 128. Let n(c) = -67*c - 336. Let g(x) = 8*n(x) + 21*v(x). Suppose -i = -3*s + 10, -4*s + 0*s = -5*i - 17. Give g(i).
11
Let h = 18 + -17. Let u(q) = -5*q**3 + 5*q**2 + 4*q + 3. Let i(b) = 2*b**2 + b + 1. Let v(o) = -3*i(o) + u(o). Calculate v(h).
-5
Let h(y) be the third derivative of -y**5/120 + 7*y**4/24 + 19*y**3/3 + 214*y**2. Let n(q) be the first derivative of h(q). Calculate n(4).
3
Let d(g) = g**2 + 6*g - 59. Let o be (20*(-2)/36)/(77/(-63) - -1). Determine d(o).
-4
Let r(y) = -114*y**2 + 357*y**2 + 22 - 116*y**2 + 11*y - 125*y**2 - 4*y. Give r(-3).
19
Let j(s) be the first derivative of 2*s**2 + 7*s - 46. Let o(t) = 6*t + 8 + 12 + 6*t. Let q(n) = -8*j(n) + 3*o(n). Determine q(-3).
-8
Let m = 10127 - 10141. Let z(l) = -4*l - 21. Give z(m).
35
Let c = -5235 - -5230. Let k(m) = -2*m**3 - 8*m**2 + 11*m - 6. Give k(c).
-11
Let t(z) = 36*z**3 - 21*z**2 + 8*z + 9. Let q(w) = -43*w**3 + 23*w**2 - 8*w - 8. Let l(h) = -5*q(h) - 6*t(h). Let s = -27 - -37. Give l(s).
6
Let f(a) be the third derivative of -31*a**6/60 - a**5/60 - a**4/6 - a**3/3 + 23*a**2 + 27*a. Give f(-1).
63
Let y(f) = -f**3 - 2. Let g(r) = 54*r**3 + 2*r**2 + 4*r - 4. Let a be g(1). Let p = -45 + a. Let m = 9 - p. What is y(m)?
6
Suppose 5*d + 16 = -9. Let m(l) be the second derivative of -l**5/120 - 7*l**4/24 + l**3/3 + 2*l. Let o(a) be the second derivative of m(a). Calculate o(d).
-2
Suppose 5*b - 77 + 97 = 0, -b = -5*m + 4. Let j(i) = 3*i + 24. What is j(m)?
24
Suppose 5*r - 2 - 13 = 0. Let p(m) = -1 - 3*m - 2*m + 2*m + m**3 - r*m**2. Suppose -50*n - 55*n + 64*n = -164. Give p(n).
3
Suppose -3*t + 48 = 4*p + 2*t, -p + 5*t = -12. Suppose 0 = x - 5*r + 71 - 56, 4*x = -4*r - p. Let c(q) = -q**2 - 5*q - 1. Calculate c(x).
-1
Let z(i) be the second derivative of i**4/12 - i**3/2 + i**2 + 2*i + 2267. Let b = 0 + 3. Determine z(b).
2
Let l = -11728 - -11709. Let t(a) = a**3 + 18*a**2 - 18*a + 9. Give t(l).
-10
Let m(j) = -j**2 - 7. Let a(u) = 3*u**2 - 3*u + 13. Let d be a(3). Let s = 37 - d. Give m(s).
-43
Let l(y) = 3*y. Let n be l(-1). Let a(w) = 47*w**3 - 13*w**2 + 21*w - 33. Let k(h) = 27*h**3 - 7*h**2 + 12*h - 19. Let d(c) = -4*a(c) + 7*k(c). Determine d(n).
-1
Suppose -h + 0*h + 2*c + 5 = 0, -5*h + 3*c + 25 = 0. Suppose -20*p - 22*p = 0. Let m(r) = p*r - 1 - 4 + 0*r + 2*r - 3. Give m(h).
2
Let c(r) be the second derivative of r**4/6 + 25*r**3/6 + 14*r**2 + 21*r - 2. Let j be c(-11). Let h(z) = z**2 + 7*z + 4. Determine h(j).
-6
Let t(a) = a**2 - 2*a + 2. Let l(q) = -2*q**3 - 3*q**2 - 3*q + 18. Let s(c) = -l(c) + 2*t(c). What is 